[INFO] cloning repository https://github.com/warycat/ga_wasm
[INFO] running `Command { std: "git" "-c" "credential.helper=" "-c" "credential.helper=/workspace/cargo-home/bin/git-credential-null" "clone" "--bare" "https://github.com/warycat/ga_wasm" "/workspace/cache/git-repos/https%3A%2F%2Fgithub.com%2Fwarycat%2Fga_wasm", kill_on_drop: false }`
[INFO] [stderr] Cloning into bare repository '/workspace/cache/git-repos/https%3A%2F%2Fgithub.com%2Fwarycat%2Fga_wasm'...
[INFO] running `Command { std: "git" "rev-parse" "HEAD", kill_on_drop: false }`
[INFO] [stdout] 1a172d414615eaae7098287d9069ab691ff3193e
[INFO] checking warycat/ga_wasm against master#af3c6e733a40e671550e0f0f5aeecaa13772ba56 for pr-74989
[INFO] running `Command { std: "git" "clone" "/workspace/cache/git-repos/https%3A%2F%2Fgithub.com%2Fwarycat%2Fga_wasm" "/workspace/builds/worker-4/source", kill_on_drop: false }`
[INFO] [stderr] Cloning into '/workspace/builds/worker-4/source'...
[INFO] [stderr] done.
[INFO] [stderr] Checking out files:  56% (3359/5941)   
Checking out files:  57% (3387/5941)   
Checking out files:  58% (3446/5941)   
Checking out files:  59% (3506/5941)   
Checking out files:  60% (3565/5941)   
Checking out files:  61% (3625/5941)   
Checking out files:  62% (3684/5941)   
Checking out files:  63% (3743/5941)   
Checking out files:  64% (3803/5941)   
Checking out files:  65% (3862/5941)   
Checking out files:  66% (3922/5941)   
Checking out files:  67% (3981/5941)   
Checking out files:  68% (4040/5941)   
Checking out files:  69% (4100/5941)   
Checking out files:  70% (4159/5941)   
Checking out files:  71% (4219/5941)   
Checking out files:  72% (4278/5941)   
Checking out files:  73% (4337/5941)   
Checking out files:  74% (4397/5941)   
Checking out files:  75% (4456/5941)   
Checking out files:  76% (4516/5941)   
Checking out files:  77% (4575/5941)   
Checking out files:  78% (4634/5941)   
Checking out files:  79% (4694/5941)   
Checking out files:  80% (4753/5941)   
Checking out files:  81% (4813/5941)   
Checking out files:  82% (4872/5941)   
Checking out files:  83% (4932/5941)   
Checking out files:  84% (4991/5941)   
Checking out files:  85% (5050/5941)   
Checking out files:  86% (5110/5941)   
Checking out files:  87% (5169/5941)   
Checking out files:  88% (5229/5941)   
Checking out files:  89% (5288/5941)   
Checking out files:  90% (5347/5941)   
Checking out files:  91% (5407/5941)   
Checking out files:  92% (5466/5941)   
Checking out files:  93% (5526/5941)   
Checking out files:  94% (5585/5941)   
Checking out files:  95% (5644/5941)   
Checking out files:  96% (5704/5941)   
Checking out files:  97% (5763/5941)   
Checking out files:  98% (5823/5941)   
Checking out files:  99% (5882/5941)   
Checking out files: 100% (5941/5941)   
Checking out files: 100% (5941/5941), done.
[INFO] validating manifest of git repo https://github.com/warycat/ga_wasm on toolchain af3c6e733a40e671550e0f0f5aeecaa13772ba56
[INFO] running `Command { std: "/workspace/cargo-home/bin/cargo" "+af3c6e733a40e671550e0f0f5aeecaa13772ba56" "read-manifest" "--manifest-path" "Cargo.toml", kill_on_drop: false }`
[INFO] removed /workspace/builds/worker-4/source/.cargo/config
[INFO] started tweaking git repo https://github.com/warycat/ga_wasm
[INFO] finished tweaking git repo https://github.com/warycat/ga_wasm
[INFO] tweaked toml for git repo https://github.com/warycat/ga_wasm written to /workspace/builds/worker-4/source/Cargo.toml
[INFO] crate git repo https://github.com/warycat/ga_wasm already has a lockfile, it will not be regenerated
[INFO] running `Command { std: "/workspace/cargo-home/bin/cargo" "+af3c6e733a40e671550e0f0f5aeecaa13772ba56" "fetch" "--locked" "--manifest-path" "Cargo.toml", kill_on_drop: false }`
[INFO] [stderr] warning: Found `debug_assertions` in `target.'cfg(...)'.dependencies`. This value is not supported for selecting dependencies and will not work as expected. To learn more visit https://doc.rust-lang.org/cargo/reference/specifying-dependencies.html#platform-specific-dependencies
[INFO] running `Command { std: "docker" "create" "-v" "/var/lib/crater-agent-workspace/builds/worker-4/target:/opt/rustwide/target:rw,Z" "-v" "/var/lib/crater-agent-workspace/builds/worker-4/source:/opt/rustwide/workdir:ro,Z" "-v" "/var/lib/crater-agent-workspace/cargo-home:/opt/rustwide/cargo-home:ro,Z" "-v" "/var/lib/crater-agent-workspace/rustup-home:/opt/rustwide/rustup-home:ro,Z" "-e" "SOURCE_DIR=/opt/rustwide/workdir" "-e" "CARGO_TARGET_DIR=/opt/rustwide/target" "-e" "CARGO_HOME=/opt/rustwide/cargo-home" "-e" "RUSTUP_HOME=/opt/rustwide/rustup-home" "-w" "/opt/rustwide/workdir" "-m" "1610612736" "--user" "0:0" "--network" "none" "rustops/crates-build-env@sha256:d92eaeed33fa75130ca1ee6c8a01d1ffb62bac859dfdfb3450e3e5d1c0146529" "/opt/rustwide/cargo-home/bin/cargo" "+af3c6e733a40e671550e0f0f5aeecaa13772ba56" "metadata" "--no-deps" "--format-version=1", kill_on_drop: false }`
[INFO] [stdout] 07d63a810ca56a32450d1c1c57933f37f5213af57b15964fc61fefe557f4f095
[INFO] [stderr] WARNING: Your kernel does not support swap limit capabilities or the cgroup is not mounted. Memory limited without swap.
[INFO] running `Command { std: "docker" "start" "-a" "07d63a810ca56a32450d1c1c57933f37f5213af57b15964fc61fefe557f4f095", kill_on_drop: false }`
[INFO] running `Command { std: "docker" "inspect" "07d63a810ca56a32450d1c1c57933f37f5213af57b15964fc61fefe557f4f095", kill_on_drop: false }`
[INFO] running `Command { std: "docker" "rm" "-f" "07d63a810ca56a32450d1c1c57933f37f5213af57b15964fc61fefe557f4f095", kill_on_drop: false }`
[INFO] [stdout] 07d63a810ca56a32450d1c1c57933f37f5213af57b15964fc61fefe557f4f095
[INFO] running `Command { std: "docker" "create" "-v" "/var/lib/crater-agent-workspace/builds/worker-4/target:/opt/rustwide/target:rw,Z" "-v" "/var/lib/crater-agent-workspace/builds/worker-4/source:/opt/rustwide/workdir:ro,Z" "-v" "/var/lib/crater-agent-workspace/cargo-home:/opt/rustwide/cargo-home:ro,Z" "-v" "/var/lib/crater-agent-workspace/rustup-home:/opt/rustwide/rustup-home:ro,Z" "-e" "SOURCE_DIR=/opt/rustwide/workdir" "-e" "CARGO_TARGET_DIR=/opt/rustwide/target" "-e" "CARGO_INCREMENTAL=0" "-e" "RUST_BACKTRACE=full" "-e" "RUSTFLAGS=--cap-lints=forbid" "-e" "CARGO_HOME=/opt/rustwide/cargo-home" "-e" "RUSTUP_HOME=/opt/rustwide/rustup-home" "-w" "/opt/rustwide/workdir" "-m" "1610612736" "--user" "0:0" "--network" "none" "rustops/crates-build-env@sha256:d92eaeed33fa75130ca1ee6c8a01d1ffb62bac859dfdfb3450e3e5d1c0146529" "/opt/rustwide/cargo-home/bin/cargo" "+af3c6e733a40e671550e0f0f5aeecaa13772ba56" "check" "--frozen" "--all" "--all-targets" "--message-format=json", kill_on_drop: false }`
[INFO] [stdout] c996891254db8fd39bbf96476f7af8fe31101060e46f112f1db3f473f59315a8
[INFO] [stderr] WARNING: Your kernel does not support swap limit capabilities or the cgroup is not mounted. Memory limited without swap.
[INFO] running `Command { std: "docker" "start" "-a" "c996891254db8fd39bbf96476f7af8fe31101060e46f112f1db3f473f59315a8", kill_on_drop: false }`
[INFO] [stderr] warning: Found `debug_assertions` in `target.'cfg(...)'.dependencies`. This value is not supported for selecting dependencies and will not work as expected. To learn more visit https://doc.rust-lang.org/cargo/reference/specifying-dependencies.html#platform-specific-dependencies
[INFO] [stderr]    Compiling proc-macro2 v1.0.8
[INFO] [stderr]     Checking cfg-if v0.1.10
[INFO] [stderr]    Compiling syn v1.0.14
[INFO] [stderr]    Compiling wasm-bindgen-shared v0.2.58
[INFO] [stderr]    Compiling libc v0.2.66
[INFO] [stderr]    Compiling semver-parser v0.7.0
[INFO] [stderr]    Compiling bumpalo v3.1.2
[INFO] [stderr]    Compiling lazy_static v1.4.0
[INFO] [stderr]    Compiling autocfg v0.1.7
[INFO] [stderr]    Compiling memchr v2.3.0
[INFO] [stderr]    Compiling version_check v0.1.5
[INFO] [stderr]    Compiling serde v1.0.104
[INFO] [stderr]    Compiling wasm-bindgen v0.2.58
[INFO] [stderr]    Compiling ryu v1.0.2
[INFO] [stderr]    Compiling getrandom v0.1.14
[INFO] [stderr]    Compiling unicode-segmentation v1.6.0
[INFO] [stderr]    Compiling rayon-core v1.7.0
[INFO] [stderr]    Compiling proc-macro2 v0.4.30
[INFO] [stderr]     Checking either v1.5.3
[INFO] [stderr]     Checking itoa v0.4.5
[INFO] [stderr]     Checking futures v0.1.29
[INFO] [stderr]     Checking scoped-tls v1.0.0
[INFO] [stderr]    Compiling semver v0.9.0
[INFO] [stderr]     Checking c2-chacha v0.2.3
[INFO] [stderr]    Compiling log v0.4.8
[INFO] [stderr]    Compiling anyhow v1.0.26
[INFO] [stderr]    Compiling heck v0.3.1
[INFO] [stderr]    Compiling nom v4.2.3
[INFO] [stderr]    Compiling crossbeam-utils v0.7.0
[INFO] [stderr]    Compiling crossbeam-epoch v0.8.0
[INFO] [stderr]    Compiling rustc_version v0.2.3
[INFO] [stderr]    Compiling memoffset v0.5.3
[INFO] [stderr]    Compiling stdweb v0.4.20
[INFO] [stderr]     Checking num_cpus v1.12.0
[INFO] [stderr]     Checking time v0.1.42 (/opt/rustwide/workdir/vendor/time)
[INFO] [stderr]    Compiling quote v0.6.13
[INFO] [stdout] warning: use of deprecated macro `try`: use the `?` operator instead
[INFO] [stdout]   --> vendor/time/src/display.rs:14:25
[INFO] [stdout]    |
[INFO] [stdout] 14 |                         try!(parse_type(fmt, chars.next().unwrap(), self.tm));
[INFO] [stdout]    |                         ^^^
[INFO] [stdout]    |
[INFO] [stdout]    = note: `#[warn(deprecated)]` on by default
[INFO] [stdout] 
[INFO] [stdout] 
[INFO] [stdout] warning: use of deprecated macro `try`: use the `?` operator instead
[INFO] [stdout]   --> vendor/time/src/display.rs:16:25
[INFO] [stdout]    |
[INFO] [stdout] 16 |                         try!(fmt.write_char(ch));
[INFO] [stdout]    |                         ^^^
[INFO] [stdout] 
[INFO] [stdout] 
[INFO] [stdout] warning: use of deprecated macro `try`: use the `?` operator instead
[INFO] [stdout]    --> vendor/time/src/display.rs:151:13
[INFO] [stdout]     |
[INFO] [stdout] 151 |             try!(parse_type(fmt, 'a', tm));
[INFO] [stdout]     |             ^^^
[INFO] [stdout] 
[INFO] [stdout] 
[INFO] [stdout] warning: use of deprecated macro `try`: use the `?` operator instead
[INFO] [stdout]    --> vendor/time/src/display.rs:152:13
[INFO] [stdout]     |
[INFO] [stdout] 152 |             try!(fmt.write_str(" "));
[INFO] [stdout]     |             ^^^
[INFO] [stdout] 
[INFO] [stdout] 
[INFO] [stdout] warning: use of deprecated macro `try`: use the `?` operator instead
[INFO] [stdout]    --> vendor/time/src/display.rs:153:13
[INFO] [stdout]     |
[INFO] [stdout] 153 |             try!(parse_type(fmt, 'b', tm));
[INFO] [stdout]     |             ^^^
[INFO] [stdout] 
[INFO] [stdout] 
[INFO] [stdout] warning: use of deprecated macro `try`: use the `?` operator instead
[INFO] [stdout]    --> vendor/time/src/display.rs:154:13
[INFO] [stdout]     |
[INFO] [stdout] 154 |             try!(fmt.write_str(" "));
[INFO] [stdout]     |             ^^^
[INFO] [stdout] 
[INFO] [stdout] 
[INFO] [stdout] warning: use of deprecated macro `try`: use the `?` operator instead
[INFO] [stdout]    --> vendor/time/src/display.rs:155:13
[INFO] [stdout]     |
[INFO] [stdout] 155 |             try!(parse_type(fmt, 'e', tm));
[INFO] [stdout]     |             ^^^
[INFO] [stdout] 
[INFO] [stdout] 
[INFO] [stdout] warning: use of deprecated macro `try`: use the `?` operator instead
[INFO] [stdout]    --> vendor/time/src/display.rs:156:13
[INFO] [stdout]     |
[INFO] [stdout] 156 |             try!(fmt.write_str(" "));
[INFO] [stdout]     |             ^^^
[INFO] [stdout] 
[INFO] [stdout] 
[INFO] [stdout] warning: use of deprecated macro `try`: use the `?` operator instead
[INFO] [stdout]    --> vendor/time/src/display.rs:157:13
[INFO] [stdout]     |
[INFO] [stdout] 157 |             try!(parse_type(fmt, 'T', tm));
[INFO] [stdout]     |             ^^^
[INFO] [stdout] 
[INFO] [stdout] 
[INFO] [stdout] warning: use of deprecated macro `try`: use the `?` operator instead
[INFO] [stdout]    --> vendor/time/src/display.rs:158:13
[INFO] [stdout]     |
[INFO] [stdout] 158 |             try!(fmt.write_str(" "));
[INFO] [stdout]     |             ^^^
[INFO] [stdout] 
[INFO] [stdout] 
[INFO] [stdout] warning: use of deprecated macro `try`: use the `?` operator instead
[INFO] [stdout]    --> vendor/time/src/display.rs:162:13
[INFO] [stdout]     |
[INFO] [stdout] 162 |             try!(parse_type(fmt, 'm', tm));
[INFO] [stdout]     |             ^^^
[INFO] [stdout] 
[INFO] [stdout] 
[INFO] [stdout] warning: use of deprecated macro `try`: use the `?` operator instead
[INFO] [stdout]    --> vendor/time/src/display.rs:163:13
[INFO] [stdout]     |
[INFO] [stdout] 163 |             try!(fmt.write_str("/"));
[INFO] [stdout]     |             ^^^
[INFO] [stdout] 
[INFO] [stdout] 
[INFO] [stdout] warning: use of deprecated macro `try`: use the `?` operator instead
[INFO] [stdout]    --> vendor/time/src/display.rs:164:13
[INFO] [stdout]     |
[INFO] [stdout] 164 |             try!(parse_type(fmt, 'd', tm));
[INFO] [stdout]     |             ^^^
[INFO] [stdout] 
[INFO] [stdout] 
[INFO] [stdout] warning: use of deprecated macro `try`: use the `?` operator instead
[INFO] [stdout]    --> vendor/time/src/display.rs:165:13
[INFO] [stdout]     |
[INFO] [stdout] 165 |             try!(fmt.write_str("/"));
[INFO] [stdout]     |             ^^^
[INFO] [stdout] 
[INFO] [stdout] 
[INFO] [stdout] warning: use of deprecated macro `try`: use the `?` operator instead
[INFO] [stdout]    --> vendor/time/src/display.rs:172:13
[INFO] [stdout]     |
[INFO] [stdout] 172 |             try!(parse_type(fmt, 'Y', tm));
[INFO] [stdout]     |             ^^^
[INFO] [stdout] 
[INFO] [stdout] 
[INFO] [stdout] warning: use of deprecated macro `try`: use the `?` operator instead
[INFO] [stdout]    --> vendor/time/src/display.rs:173:13
[INFO] [stdout]     |
[INFO] [stdout] 173 |             try!(fmt.write_str("-"));
[INFO] [stdout]     |             ^^^
[INFO] [stdout] 
[INFO] [stdout] 
[INFO] [stdout] warning: use of deprecated macro `try`: use the `?` operator instead
[INFO] [stdout]    --> vendor/time/src/display.rs:174:13
[INFO] [stdout]     |
[INFO] [stdout] 174 |             try!(parse_type(fmt, 'm', tm));
[INFO] [stdout]     |             ^^^
[INFO] [stdout] 
[INFO] [stdout] 
[INFO] [stdout] warning: use of deprecated macro `try`: use the `?` operator instead
[INFO] [stdout]    --> vendor/time/src/display.rs:175:13
[INFO] [stdout]     |
[INFO] [stdout] 175 |             try!(fmt.write_str("-"));
[INFO] [stdout]     |             ^^^
[INFO] [stdout] 
[INFO] [stdout] 
[INFO] [stdout] warning: use of deprecated macro `try`: use the `?` operator instead
[INFO] [stdout]    --> vendor/time/src/display.rs:201:13
[INFO] [stdout]     |
[INFO] [stdout] 201 |             try!(parse_type(fmt, 'H', tm));
[INFO] [stdout]     |             ^^^
[INFO] [stdout] 
[INFO] [stdout] 
[INFO] [stdout] warning: use of deprecated macro `try`: use the `?` operator instead
[INFO] [stdout]    --> vendor/time/src/display.rs:202:13
[INFO] [stdout]     |
[INFO] [stdout] 202 |             try!(fmt.write_str(":"));
[INFO] [stdout]     |             ^^^
[INFO] [stdout] 
[INFO] [stdout] 
[INFO] [stdout] warning: use of deprecated macro `try`: use the `?` operator instead
[INFO] [stdout]    --> vendor/time/src/display.rs:206:13
[INFO] [stdout]     |
[INFO] [stdout] 206 |             try!(parse_type(fmt, 'I', tm));
[INFO] [stdout]     |             ^^^
[INFO] [stdout] 
[INFO] [stdout] 
[INFO] [stdout] warning: use of deprecated macro `try`: use the `?` operator instead
[INFO] [stdout]    --> vendor/time/src/display.rs:207:13
[INFO] [stdout]     |
[INFO] [stdout] 207 |             try!(fmt.write_str(":"));
[INFO] [stdout]     |             ^^^
[INFO] [stdout] 
[INFO] [stdout] 
[INFO] [stdout] warning: use of deprecated macro `try`: use the `?` operator instead
[INFO] [stdout]    --> vendor/time/src/display.rs:208:13
[INFO] [stdout]     |
[INFO] [stdout] 208 |             try!(parse_type(fmt, 'M', tm));
[INFO] [stdout]     |             ^^^
[INFO] [stdout] 
[INFO] [stdout] 
[INFO] [stdout] warning: use of deprecated macro `try`: use the `?` operator instead
[INFO] [stdout]    --> vendor/time/src/display.rs:209:13
[INFO] [stdout]     |
[INFO] [stdout] 209 |             try!(fmt.write_str(":"));
[INFO] [stdout]     |             ^^^
[INFO] [stdout] 
[INFO] [stdout] 
[INFO] [stdout] warning: use of deprecated macro `try`: use the `?` operator instead
[INFO] [stdout]    --> vendor/time/src/display.rs:210:13
[INFO] [stdout]     |
[INFO] [stdout] 210 |             try!(parse_type(fmt, 'S', tm));
[INFO] [stdout]     |             ^^^
[INFO] [stdout] 
[INFO] [stdout] 
[INFO] [stdout] warning: use of deprecated macro `try`: use the `?` operator instead
[INFO] [stdout]    --> vendor/time/src/display.rs:211:13
[INFO] [stdout]     |
[INFO] [stdout] 211 |             try!(fmt.write_str(" "));
[INFO] [stdout]     |             ^^^
[INFO] [stdout] 
[INFO] [stdout] 
[INFO] [stdout] warning: use of deprecated macro `try`: use the `?` operator instead
[INFO] [stdout]    --> vendor/time/src/display.rs:217:13
[INFO] [stdout]     |
[INFO] [stdout] 217 |             try!(parse_type(fmt, 'H', tm));
[INFO] [stdout]     |             ^^^
[INFO] [stdout] 
[INFO] [stdout] 
[INFO] [stdout] warning: use of deprecated macro `try`: use the `?` operator instead
[INFO] [stdout]    --> vendor/time/src/display.rs:218:13
[INFO] [stdout]     |
[INFO] [stdout] 218 |             try!(fmt.write_str(":"));
[INFO] [stdout]     |             ^^^
[INFO] [stdout] 
[INFO] [stdout] 
[INFO] [stdout] warning: use of deprecated macro `try`: use the `?` operator instead
[INFO] [stdout]    --> vendor/time/src/display.rs:219:13
[INFO] [stdout]     |
[INFO] [stdout] 219 |             try!(parse_type(fmt, 'M', tm));
[INFO] [stdout]     |             ^^^
[INFO] [stdout] 
[INFO] [stdout] 
[INFO] [stdout] warning: use of deprecated macro `try`: use the `?` operator instead
[INFO] [stdout]    --> vendor/time/src/display.rs:220:13
[INFO] [stdout]     |
[INFO] [stdout] 220 |             try!(fmt.write_str(":"));
[INFO] [stdout]     |             ^^^
[INFO] [stdout] 
[INFO] [stdout] 
[INFO] [stdout] warning: use of deprecated macro `try`: use the `?` operator instead
[INFO] [stdout]    --> vendor/time/src/display.rs:231:13
[INFO] [stdout]     |
[INFO] [stdout] 231 |             try!(parse_type(fmt, 'e', tm));
[INFO] [stdout]     |             ^^^
[INFO] [stdout] 
[INFO] [stdout] 
[INFO] [stdout] warning: use of deprecated macro `try`: use the `?` operator instead
[INFO] [stdout]    --> vendor/time/src/display.rs:232:13
[INFO] [stdout]     |
[INFO] [stdout] 232 |             try!(fmt.write_str("-"));
[INFO] [stdout]     |             ^^^
[INFO] [stdout] 
[INFO] [stdout] 
[INFO] [stdout] warning: use of deprecated macro `try`: use the `?` operator instead
[INFO] [stdout]    --> vendor/time/src/display.rs:233:13
[INFO] [stdout]     |
[INFO] [stdout] 233 |             try!(parse_type(fmt, 'b', tm));
[INFO] [stdout]     |             ^^^
[INFO] [stdout] 
[INFO] [stdout] 
[INFO] [stdout] warning: use of deprecated macro `try`: use the `?` operator instead
[INFO] [stdout]    --> vendor/time/src/display.rs:234:13
[INFO] [stdout]     |
[INFO] [stdout] 234 |             try!(fmt.write_str("-"));
[INFO] [stdout]     |             ^^^
[INFO] [stdout] 
[INFO] [stdout] 
[INFO] [stdout] warning: use of deprecated macro `try`: use the `?` operator instead
[INFO] [stdout]    --> vendor/time/src/duration.rs:380:9
[INFO] [stdout]     |
[INFO] [stdout] 380 |         try!(write!(f, "{}P", sign));
[INFO] [stdout]     |         ^^^
[INFO] [stdout] 
[INFO] [stdout] 
[INFO] [stdout] warning: use of deprecated macro `try`: use the `?` operator instead
[INFO] [stdout]    --> vendor/time/src/duration.rs:383:13
[INFO] [stdout]     |
[INFO] [stdout] 383 |             try!(write!(f, "{}D", days));
[INFO] [stdout]     |             ^^^
[INFO] [stdout] 
[INFO] [stdout] 
[INFO] [stdout] warning: use of deprecated macro `try`: use the `?` operator instead
[INFO] [stdout]    --> vendor/time/src/duration.rs:387:17
[INFO] [stdout]     |
[INFO] [stdout] 387 |                 try!(write!(f, "T{}S", secs));
[INFO] [stdout]     |                 ^^^
[INFO] [stdout] 
[INFO] [stdout] 
[INFO] [stdout] warning: use of deprecated macro `try`: use the `?` operator instead
[INFO] [stdout]    --> vendor/time/src/duration.rs:389:17
[INFO] [stdout]     |
[INFO] [stdout] 389 |                 try!(write!(f, "T{}.{:03}S", secs, abs.nanos / NANOS_PER_MILLI));
[INFO] [stdout]     |                 ^^^
[INFO] [stdout] 
[INFO] [stdout] 
[INFO] [stdout] warning: use of deprecated macro `try`: use the `?` operator instead
[INFO] [stdout]    --> vendor/time/src/duration.rs:391:17
[INFO] [stdout]     |
[INFO] [stdout] 391 |                 try!(write!(f, "T{}.{:06}S", secs, abs.nanos / NANOS_PER_MICRO));
[INFO] [stdout]     |                 ^^^
[INFO] [stdout] 
[INFO] [stdout] 
[INFO] [stdout] warning: use of deprecated macro `try`: use the `?` operator instead
[INFO] [stdout]    --> vendor/time/src/duration.rs:393:17
[INFO] [stdout]     |
[INFO] [stdout] 393 |                 try!(write!(f, "T{}.{:09}S", secs, abs.nanos));
[INFO] [stdout]     |                 ^^^
[INFO] [stdout] 
[INFO] [stdout] 
[INFO] [stdout] warning: use of deprecated macro `try`: use the `?` operator instead
[INFO] [stdout]   --> vendor/time/src/parse.rs:23:17
[INFO] [stdout]    |
[INFO] [stdout] 23 |                 try!(parse_type(&mut s, ch, &mut tm));
[INFO] [stdout]    |                 ^^^
[INFO] [stdout] 
[INFO] [stdout] 
[INFO] [stdout] warning: use of deprecated macro `try`: use the `?` operator instead
[INFO] [stdout]   --> vendor/time/src/parse.rs:26:13
[INFO] [stdout]    |
[INFO] [stdout] 26 |             try!(parse_char(&mut s, ch));
[INFO] [stdout]    |             ^^^
[INFO] [stdout] 
[INFO] [stdout] 
[INFO] [stderr]    Compiling quote v1.0.2
[INFO] [stderr]     Checking crossbeam-queue v0.2.1
[INFO] [stdout] warning: `...` range patterns are deprecated
[INFO] [stdout]    --> vendor/time/src/parse.rs:336:17
[INFO] [stdout]     |
[INFO] [stdout] 336 |             '0' ... '9' => value = value * 10 + (ch as i64 - '0' as i64),
[INFO] [stdout]     |                 ^^^ help: use `..=` for an inclusive range
[INFO] [stdout]     |
[INFO] [stdout]     = note: `#[warn(ellipsis_inclusive_range_patterns)]` on by default
[INFO] [stdout] 
[INFO] [stdout] 
[INFO] [stdout] warning: `...` range patterns are deprecated
[INFO] [stdout]    --> vendor/time/src/parse.rs:359:17
[INFO] [stdout]     |
[INFO] [stdout] 359 |             '0' ... '9' => {
[INFO] [stdout]     |                 ^^^ help: use `..=` for an inclusive range
[INFO] [stdout] 
[INFO] [stdout] 
[INFO] [stdout] warning: `...` range patterns are deprecated
[INFO] [stdout]    --> vendor/time/src/lib.rs:605:11
[INFO] [stdout]     |
[INFO] [stdout] 605 |         (0...6, 0...11) => (),
[INFO] [stdout]     |           ^^^ help: use `..=` for an inclusive range
[INFO] [stdout] 
[INFO] [stdout] 
[INFO] [stdout] warning: `...` range patterns are deprecated
[INFO] [stdout]    --> vendor/time/src/lib.rs:605:18
[INFO] [stdout]     |
[INFO] [stdout] 605 |         (0...6, 0...11) => (),
[INFO] [stdout]     |                  ^^^ help: use `..=` for an inclusive range
[INFO] [stdout] 
[INFO] [stdout] 
[INFO] [stdout] warning: `...` range patterns are deprecated
[INFO] [stdout]    --> vendor/time/src/lib.rs:606:18
[INFO] [stdout]     |
[INFO] [stdout] 606 |         (_wday, 0...11) => return Err(InvalidDayOfWeek),
[INFO] [stdout]     |                  ^^^ help: use `..=` for an inclusive range
[INFO] [stdout] 
[INFO] [stdout] 
[INFO] [stdout] warning: `...` range patterns are deprecated
[INFO] [stdout]    --> vendor/time/src/lib.rs:607:11
[INFO] [stdout]     |
[INFO] [stdout] 607 |         (0...6, _mon) => return Err(InvalidMonth),
[INFO] [stdout]     |           ^^^ help: use `..=` for an inclusive range
[INFO] [stdout] 
[INFO] [stdout] 
[INFO] [stderr]     Checking rand_core v0.5.1
[INFO] [stdout] warning: use of deprecated associated function `std::error::Error::description`: use the Display impl or to_string()
[INFO] [stdout]    --> vendor/time/src/lib.rs:556:43
[INFO] [stdout]     |
[INFO] [stdout] 556 |                 write!(f, "{}: %{}", self.description(), ch)
[INFO] [stdout]     |                                           ^^^^^^^^^^^
[INFO] [stdout] 
[INFO] [stdout] 
[INFO] [stdout] warning: use of deprecated associated function `std::error::Error::description`: use the Display impl or to_string()
[INFO] [stdout]    --> vendor/time/src/lib.rs:561:39
[INFO] [stdout]     |
[INFO] [stdout] 561 |             _ => write!(f, "{}", self.description())
[INFO] [stdout]     |                                       ^^^^^^^^^^^
[INFO] [stdout] 
[INFO] [stdout] 
[INFO] [stdout] warning: use of deprecated associated function `std::error::Error::description`: use the Display impl or to_string()
[INFO] [stdout]    --> vendor/time/src/duration.rs:411:30
[INFO] [stdout]     |
[INFO] [stdout] 411 |         write!(f, "{}", self.description())
[INFO] [stdout]     |                              ^^^^^^^^^^^
[INFO] [stdout] 
[INFO] [stdout] 
[INFO] [stdout] warning: use of deprecated associated function `core::str::<impl str>::trim_left_matches`: superseded by `trim_start_matches`
[INFO] [stdout]    --> vendor/time/src/parse.rs:329:21
[INFO] [stdout]     |
[INFO] [stdout] 329 |         let s2 = ss.trim_left_matches(" ");
[INFO] [stdout]     |                     ^^^^^^^^^^^^^^^^^ help: replace the use of the deprecated associated function: `trim_start_matches`
[INFO] [stdout] 
[INFO] [stdout] 
[INFO] [stderr]    Compiling wasm-bindgen-test-macro v0.2.50
[INFO] [stdout] warning: 52 warnings emitted
[INFO] [stdout] 
[INFO] [stdout] 
[INFO] [stderr]     Checking rand_chacha v0.2.1
[INFO] [stderr]     Checking rand_xoshiro v0.4.0
[INFO] [stderr]     Checking chrono v0.4.10
[INFO] [stderr]     Checking rand v0.7.3
[INFO] [stderr]    Compiling weedle v0.10.0
[INFO] [stderr]     Checking crossbeam-deque v0.7.2
[INFO] [stderr]     Checking rayon v1.3.0
[INFO] [stderr]     Checking serde_json v1.0.46
[INFO] [stderr]     Checking genevo v0.5.0 (/opt/rustwide/workdir/vendor/genevo)
[INFO] [stderr]    Compiling wasm-bindgen-backend v0.2.58
[INFO] [stdout] warning: unused return value of `std::mem::replace` that must be used
[INFO] [stdout]    --> vendor/genevo/src/ga/mod.rs:219:9
[INFO] [stdout]     |
[INFO] [stdout] 219 |         mem::replace(&mut self.population, Rc::new(next_generation));
[INFO] [stdout]     |         ^^^^^^^^^^^^^^^^^^^^^^^^^^^^^^^^^^^^^^^^^^^^^^^^^^^^^^^^^^^^^
[INFO] [stdout]     |
[INFO] [stdout]     = note: `#[warn(unused_must_use)]` on by default
[INFO] [stdout]     = note: if you don't need the old value, you can just assign the new value directly
[INFO] [stdout] 
[INFO] [stdout] 
[INFO] [stdout] warning: 1 warning emitted
[INFO] [stdout] 
[INFO] [stdout] 
[INFO] [stderr]    Compiling serde_derive v1.0.104
[INFO] [stderr]    Compiling wasm-bindgen-macro-support v0.2.58
[INFO] [stderr]    Compiling wasm-bindgen-webidl v0.2.58
[INFO] [stderr]    Compiling wasm-bindgen-macro v0.2.58
[INFO] [stderr]    Compiling web-sys v0.3.35
[INFO] [stderr]     Checking js-sys v0.3.35
[INFO] [stderr]     Checking console_error_panic_hook v0.1.6
[INFO] [stdout] error: return value of constructor must be a bare path
[INFO] [stdout]     --> /opt/rustwide/cargo-home/registry/src/github.com-1ecc6299db9ec823/js-sys-0.3.35/src/lib.rs:4753:13
[INFO] [stdout]      |
[INFO] [stdout] 4753 | /             /// The
[INFO] [stdout] 4754 | |             #[doc = $ctor]
[INFO] [stdout] 4755 | |             /// constructor creates an array of unsigned 8-bit integers.
[INFO] [stdout] 4756 | |             ///
[INFO] [stdout] ...    |
[INFO] [stdout] 4760 | |             #[wasm_bindgen(constructor)]
[INFO] [stdout] 4761 | |             pub fn new(constructor_arg: &JsValue) -> $name;
[INFO] [stdout]      | |___________________________________________________________^
[INFO] [stdout] ...
[INFO] [stdout] 4948 | / arrays! {
[INFO] [stdout] 4949 | |     /// `Int8Array()`
[INFO] [stdout] 4950 | |     /// https://developer.mozilla.org/en-US/docs/Web/JavaScript/Reference/Global_Objects/Int8Array
[INFO] [stdout] 4951 | |     Int8Array: i8,
[INFO] [stdout] ...    |
[INFO] [stdout] 4983 | |     Float64Array: f64,
[INFO] [stdout] 4984 | | }
[INFO] [stdout]      | |_- in this macro invocation
[INFO] [stdout]      |
[INFO] [stdout]      = note: this error originates in a macro (in Nightly builds, run with -Z macro-backtrace for more info)
[INFO] [stdout] 
[INFO] [stdout] 
[INFO] [stdout] error: return value of constructor must be a bare path
[INFO] [stdout]     --> /opt/rustwide/cargo-home/registry/src/github.com-1ecc6299db9ec823/js-sys-0.3.35/src/lib.rs:4763:13
[INFO] [stdout]      |
[INFO] [stdout] 4763 | /             /// An
[INFO] [stdout] 4764 | |             #[doc = $ctor]
[INFO] [stdout] 4765 | |             /// which creates an array with an internal buffer large
[INFO] [stdout] 4766 | |             /// enough for `length` elements.
[INFO] [stdout] ...    |
[INFO] [stdout] 4771 | |             #[wasm_bindgen(constructor)]
[INFO] [stdout] 4772 | |             pub fn new_with_length(length: u32) -> $name;
[INFO] [stdout]      | |_________________________________________________________^
[INFO] [stdout] ...
[INFO] [stdout] 4948 | / arrays! {
[INFO] [stdout] 4949 | |     /// `Int8Array()`
[INFO] [stdout] 4950 | |     /// https://developer.mozilla.org/en-US/docs/Web/JavaScript/Reference/Global_Objects/Int8Array
[INFO] [stdout] 4951 | |     Int8Array: i8,
[INFO] [stdout] ...    |
[INFO] [stdout] 4983 | |     Float64Array: f64,
[INFO] [stdout] 4984 | | }
[INFO] [stdout]      | |_- in this macro invocation
[INFO] [stdout]      |
[INFO] [stdout]      = note: this error originates in a macro (in Nightly builds, run with -Z macro-backtrace for more info)
[INFO] [stdout] 
[INFO] [stdout] 
[INFO] [stdout] error: return value of constructor must be a bare path
[INFO] [stdout]     --> /opt/rustwide/cargo-home/registry/src/github.com-1ecc6299db9ec823/js-sys-0.3.35/src/lib.rs:4774:13
[INFO] [stdout]      |
[INFO] [stdout] 4774 | /             /// An
[INFO] [stdout] 4775 | |             #[doc = $ctor]
[INFO] [stdout] 4776 | |             /// which creates an array with the given buffer but is a
[INFO] [stdout] 4777 | |             /// view starting at `byte_offset`.
[INFO] [stdout] ...    |
[INFO] [stdout] 4782 | |             #[wasm_bindgen(constructor)]
[INFO] [stdout] 4783 | |             pub fn new_with_byte_offset(buffer: &JsValue, byte_offset: u32) -> $name;
[INFO] [stdout]      | |_____________________________________________________________________________________^
[INFO] [stdout] ...
[INFO] [stdout] 4948 | / arrays! {
[INFO] [stdout] 4949 | |     /// `Int8Array()`
[INFO] [stdout] 4950 | |     /// https://developer.mozilla.org/en-US/docs/Web/JavaScript/Reference/Global_Objects/Int8Array
[INFO] [stdout] 4951 | |     Int8Array: i8,
[INFO] [stdout] ...    |
[INFO] [stdout] 4983 | |     Float64Array: f64,
[INFO] [stdout] 4984 | | }
[INFO] [stdout]      | |_- in this macro invocation
[INFO] [stdout]      |
[INFO] [stdout]      = note: this error originates in a macro (in Nightly builds, run with -Z macro-backtrace for more info)
[INFO] [stdout] 
[INFO] [stdout] 
[INFO] [stdout] error: return value of constructor must be a bare path
[INFO] [stdout]     --> /opt/rustwide/cargo-home/registry/src/github.com-1ecc6299db9ec823/js-sys-0.3.35/src/lib.rs:4785:13
[INFO] [stdout]      |
[INFO] [stdout] 4785 | /             /// An
[INFO] [stdout] 4786 | |             #[doc = $ctor]
[INFO] [stdout] 4787 | |             /// which creates an array with the given buffer but is a
[INFO] [stdout] 4788 | |             /// view starting at `byte_offset` for `length` elements.
[INFO] [stdout] ...    |
[INFO] [stdout] 4797 | |                 length: u32,
[INFO] [stdout] 4798 | |             ) -> $name;
[INFO] [stdout]      | |_______________________^
[INFO] [stdout] ...
[INFO] [stdout] 4948 | / arrays! {
[INFO] [stdout] 4949 | |     /// `Int8Array()`
[INFO] [stdout] 4950 | |     /// https://developer.mozilla.org/en-US/docs/Web/JavaScript/Reference/Global_Objects/Int8Array
[INFO] [stdout] 4951 | |     Int8Array: i8,
[INFO] [stdout] ...    |
[INFO] [stdout] 4983 | |     Float64Array: f64,
[INFO] [stdout] 4984 | | }
[INFO] [stdout]      | |_- in this macro invocation
[INFO] [stdout]      |
[INFO] [stdout]      = note: this error originates in a macro (in Nightly builds, run with -Z macro-backtrace for more info)
[INFO] [stdout] 
[INFO] [stdout] 
[INFO] [stdout] error: first argument of method must be a path
[INFO] [stdout]     --> /opt/rustwide/cargo-home/registry/src/github.com-1ecc6299db9ec823/js-sys-0.3.35/src/lib.rs:4805:32
[INFO] [stdout]      |
[INFO] [stdout] 4805 |               pub fn fill(this: &$name, value: $ty, start: u32, end: u32) -> $name;
[INFO] [stdout]      |                                  ^^^^^
[INFO] [stdout] ...
[INFO] [stdout] 4948 | / arrays! {
[INFO] [stdout] 4949 | |     /// `Int8Array()`
[INFO] [stdout] 4950 | |     /// https://developer.mozilla.org/en-US/docs/Web/JavaScript/Reference/Global_Objects/Int8Array
[INFO] [stdout] 4951 | |     Int8Array: i8,
[INFO] [stdout] ...    |
[INFO] [stdout] 4983 | |     Float64Array: f64,
[INFO] [stdout] 4984 | | }
[INFO] [stdout]      | |_- in this macro invocation
[INFO] [stdout]      |
[INFO] [stdout]      = note: this error originates in a macro (in Nightly builds, run with -Z macro-backtrace for more info)
[INFO] [stdout] 
[INFO] [stdout] 
[INFO] [stdout] error: first argument of method must be a path
[INFO] [stdout]     --> /opt/rustwide/cargo-home/registry/src/github.com-1ecc6299db9ec823/js-sys-0.3.35/src/lib.rs:4810:34
[INFO] [stdout]      |
[INFO] [stdout] 4810 |               pub fn buffer(this: &$name) -> ArrayBuffer;
[INFO] [stdout]      |                                    ^^^^^
[INFO] [stdout] ...
[INFO] [stdout] 4948 | / arrays! {
[INFO] [stdout] 4949 | |     /// `Int8Array()`
[INFO] [stdout] 4950 | |     /// https://developer.mozilla.org/en-US/docs/Web/JavaScript/Reference/Global_Objects/Int8Array
[INFO] [stdout] 4951 | |     Int8Array: i8,
[INFO] [stdout] ...    |
[INFO] [stdout] 4983 | |     Float64Array: f64,
[INFO] [stdout] 4984 | | }
[INFO] [stdout]      | |_- in this macro invocation
[INFO] [stdout]      |
[INFO] [stdout]      = note: this error originates in a macro (in Nightly builds, run with -Z macro-backtrace for more info)
[INFO] [stdout] 
[INFO] [stdout] 
[INFO] [stdout] error: first argument of method must be a path
[INFO] [stdout]     --> /opt/rustwide/cargo-home/registry/src/github.com-1ecc6299db9ec823/js-sys-0.3.35/src/lib.rs:4815:36
[INFO] [stdout]      |
[INFO] [stdout] 4815 |               pub fn subarray(this: &$name, begin: u32, end: u32) -> $name;
[INFO] [stdout]      |                                      ^^^^^
[INFO] [stdout] ...
[INFO] [stdout] 4948 | / arrays! {
[INFO] [stdout] 4949 | |     /// `Int8Array()`
[INFO] [stdout] 4950 | |     /// https://developer.mozilla.org/en-US/docs/Web/JavaScript/Reference/Global_Objects/Int8Array
[INFO] [stdout] 4951 | |     Int8Array: i8,
[INFO] [stdout] ...    |
[INFO] [stdout] 4983 | |     Float64Array: f64,
[INFO] [stdout] 4984 | | }
[INFO] [stdout]      | |_- in this macro invocation
[INFO] [stdout]      |
[INFO] [stdout]      = note: this error originates in a macro (in Nightly builds, run with -Z macro-backtrace for more info)
[INFO] [stdout] 
[INFO] [stdout] 
[INFO] [stdout] error: first argument of method must be a path
[INFO] [stdout]     --> /opt/rustwide/cargo-home/registry/src/github.com-1ecc6299db9ec823/js-sys-0.3.35/src/lib.rs:4821:33
[INFO] [stdout]      |
[INFO] [stdout] 4821 |               pub fn slice(this: &$name, begin: u32, end: u32) -> $name;
[INFO] [stdout]      |                                   ^^^^^
[INFO] [stdout] ...
[INFO] [stdout] 4948 | / arrays! {
[INFO] [stdout] 4949 | |     /// `Int8Array()`
[INFO] [stdout] 4950 | |     /// https://developer.mozilla.org/en-US/docs/Web/JavaScript/Reference/Global_Objects/Int8Array
[INFO] [stdout] 4951 | |     Int8Array: i8,
[INFO] [stdout] ...    |
[INFO] [stdout] 4983 | |     Float64Array: f64,
[INFO] [stdout] 4984 | | }
[INFO] [stdout]      | |_- in this macro invocation
[INFO] [stdout]      |
[INFO] [stdout]      = note: this error originates in a macro (in Nightly builds, run with -Z macro-backtrace for more info)
[INFO] [stdout] 
[INFO] [stdout] 
[INFO] [stdout] error: first argument of method must be a path
[INFO] [stdout]     --> /opt/rustwide/cargo-home/registry/src/github.com-1ecc6299db9ec823/js-sys-0.3.35/src/lib.rs:4828:36
[INFO] [stdout]      |
[INFO] [stdout] 4828 |               pub fn for_each(this: &$name, callback: &mut dyn FnMut($ty, u32, $name));
[INFO] [stdout]      |                                      ^^^^^
[INFO] [stdout] ...
[INFO] [stdout] 4948 | / arrays! {
[INFO] [stdout] 4949 | |     /// `Int8Array()`
[INFO] [stdout] 4950 | |     /// https://developer.mozilla.org/en-US/docs/Web/JavaScript/Reference/Global_Objects/Int8Array
[INFO] [stdout] 4951 | |     Int8Array: i8,
[INFO] [stdout] ...    |
[INFO] [stdout] 4983 | |     Float64Array: f64,
[INFO] [stdout] 4984 | | }
[INFO] [stdout]      | |_- in this macro invocation
[INFO] [stdout]      |
[INFO] [stdout]      = note: this error originates in a macro (in Nightly builds, run with -Z macro-backtrace for more info)
[INFO] [stdout] 
[INFO] [stdout] 
[INFO] [stdout] error: first argument of method must be a path
[INFO] [stdout]     --> /opt/rustwide/cargo-home/registry/src/github.com-1ecc6299db9ec823/js-sys-0.3.35/src/lib.rs:4833:34
[INFO] [stdout]      |
[INFO] [stdout] 4833 |               pub fn length(this: &$name) -> u32;
[INFO] [stdout]      |                                    ^^^^^
[INFO] [stdout] ...
[INFO] [stdout] 4948 | / arrays! {
[INFO] [stdout] 4949 | |     /// `Int8Array()`
[INFO] [stdout] 4950 | |     /// https://developer.mozilla.org/en-US/docs/Web/JavaScript/Reference/Global_Objects/Int8Array
[INFO] [stdout] 4951 | |     Int8Array: i8,
[INFO] [stdout] ...    |
[INFO] [stdout] 4983 | |     Float64Array: f64,
[INFO] [stdout] 4984 | | }
[INFO] [stdout]      | |_- in this macro invocation
[INFO] [stdout]      |
[INFO] [stdout]      = note: this error originates in a macro (in Nightly builds, run with -Z macro-backtrace for more info)
[INFO] [stdout] 
[INFO] [stdout] 
[INFO] [stdout] error: first argument of method must be a path
[INFO] [stdout]     --> /opt/rustwide/cargo-home/registry/src/github.com-1ecc6299db9ec823/js-sys-0.3.35/src/lib.rs:4838:39
[INFO] [stdout]      |
[INFO] [stdout] 4838 |               pub fn byte_length(this: &$name) -> u32;
[INFO] [stdout]      |                                         ^^^^^
[INFO] [stdout] ...
[INFO] [stdout] 4948 | / arrays! {
[INFO] [stdout] 4949 | |     /// `Int8Array()`
[INFO] [stdout] 4950 | |     /// https://developer.mozilla.org/en-US/docs/Web/JavaScript/Reference/Global_Objects/Int8Array
[INFO] [stdout] 4951 | |     Int8Array: i8,
[INFO] [stdout] ...    |
[INFO] [stdout] 4983 | |     Float64Array: f64,
[INFO] [stdout] 4984 | | }
[INFO] [stdout]      | |_- in this macro invocation
[INFO] [stdout]      |
[INFO] [stdout]      = note: this error originates in a macro (in Nightly builds, run with -Z macro-backtrace for more info)
[INFO] [stdout] 
[INFO] [stdout] 
[INFO] [stdout] error: first argument of method must be a path
[INFO] [stdout]     --> /opt/rustwide/cargo-home/registry/src/github.com-1ecc6299db9ec823/js-sys-0.3.35/src/lib.rs:4843:39
[INFO] [stdout]      |
[INFO] [stdout] 4843 |               pub fn byte_offset(this: &$name) -> u32;
[INFO] [stdout]      |                                         ^^^^^
[INFO] [stdout] ...
[INFO] [stdout] 4948 | / arrays! {
[INFO] [stdout] 4949 | |     /// `Int8Array()`
[INFO] [stdout] 4950 | |     /// https://developer.mozilla.org/en-US/docs/Web/JavaScript/Reference/Global_Objects/Int8Array
[INFO] [stdout] 4951 | |     Int8Array: i8,
[INFO] [stdout] ...    |
[INFO] [stdout] 4983 | |     Float64Array: f64,
[INFO] [stdout] 4984 | | }
[INFO] [stdout]      | |_- in this macro invocation
[INFO] [stdout]      |
[INFO] [stdout]      = note: this error originates in a macro (in Nightly builds, run with -Z macro-backtrace for more info)
[INFO] [stdout] 
[INFO] [stdout] 
[INFO] [stdout] error: first argument of method must be a path
[INFO] [stdout]     --> /opt/rustwide/cargo-home/registry/src/github.com-1ecc6299db9ec823/js-sys-0.3.35/src/lib.rs:4848:31
[INFO] [stdout]      |
[INFO] [stdout] 4848 |               pub fn set(this: &$name, src: &JsValue, offset: u32);
[INFO] [stdout]      |                                 ^^^^^
[INFO] [stdout] ...
[INFO] [stdout] 4948 | / arrays! {
[INFO] [stdout] 4949 | |     /// `Int8Array()`
[INFO] [stdout] 4950 | |     /// https://developer.mozilla.org/en-US/docs/Web/JavaScript/Reference/Global_Objects/Int8Array
[INFO] [stdout] 4951 | |     Int8Array: i8,
[INFO] [stdout] ...    |
[INFO] [stdout] 4983 | |     Float64Array: f64,
[INFO] [stdout] 4984 | | }
[INFO] [stdout]      | |_- in this macro invocation
[INFO] [stdout]      |
[INFO] [stdout]      = note: this error originates in a macro (in Nightly builds, run with -Z macro-backtrace for more info)
[INFO] [stdout] 
[INFO] [stdout] 
[INFO] [stderr]    Compiling stdweb-internal-macros v0.2.9
[INFO] [stderr]    Compiling stdweb-derive v0.5.3
[INFO] [stdout] error[E0433]: failed to resolve: use of undeclared type or module `Int8Array`
[INFO] [stdout]     --> /opt/rustwide/cargo-home/registry/src/github.com-1ecc6299db9ec823/js-sys-0.3.35/src/lib.rs:4951:5
[INFO] [stdout]      |
[INFO] [stdout] 4951 |     Int8Array: i8,
[INFO] [stdout]      |     ^^^^^^^^^ use of undeclared type or module `Int8Array`
[INFO] [stdout] 
[INFO] [stdout] 
[INFO] [stdout] error[E0433]: failed to resolve: use of undeclared type or module `Int16Array`
[INFO] [stdout]     --> /opt/rustwide/cargo-home/registry/src/github.com-1ecc6299db9ec823/js-sys-0.3.35/src/lib.rs:4955:5
[INFO] [stdout]      |
[INFO] [stdout] 4955 |     Int16Array: i16,
[INFO] [stdout]      |     ^^^^^^^^^^ use of undeclared type or module `Int16Array`
[INFO] [stdout] 
[INFO] [stdout] 
[INFO] [stdout] error[E0433]: failed to resolve: use of undeclared type or module `Int32Array`
[INFO] [stdout]     --> /opt/rustwide/cargo-home/registry/src/github.com-1ecc6299db9ec823/js-sys-0.3.35/src/lib.rs:4959:5
[INFO] [stdout]      |
[INFO] [stdout] 4959 |     Int32Array: i32,
[INFO] [stdout]      |     ^^^^^^^^^^ use of undeclared type or module `Int32Array`
[INFO] [stdout] 
[INFO] [stdout] 
[INFO] [stdout] error[E0433]: failed to resolve: use of undeclared type or module `Uint8Array`
[INFO] [stdout]     --> /opt/rustwide/cargo-home/registry/src/github.com-1ecc6299db9ec823/js-sys-0.3.35/src/lib.rs:4963:5
[INFO] [stdout]      |
[INFO] [stdout] 4963 |     Uint8Array: u8,
[INFO] [stdout]      |     ^^^^^^^^^^ use of undeclared type or module `Uint8Array`
[INFO] [stdout] 
[INFO] [stdout] 
[INFO] [stdout] error[E0433]: failed to resolve: use of undeclared type or module `Uint8ClampedArray`
[INFO] [stdout]     --> /opt/rustwide/cargo-home/registry/src/github.com-1ecc6299db9ec823/js-sys-0.3.35/src/lib.rs:4967:5
[INFO] [stdout]      |
[INFO] [stdout] 4967 |     Uint8ClampedArray: u8,
[INFO] [stdout]      |     ^^^^^^^^^^^^^^^^^ use of undeclared type or module `Uint8ClampedArray`
[INFO] [stdout] 
[INFO] [stdout] 
[INFO] [stdout] error[E0433]: failed to resolve: use of undeclared type or module `Uint16Array`
[INFO] [stdout]     --> /opt/rustwide/cargo-home/registry/src/github.com-1ecc6299db9ec823/js-sys-0.3.35/src/lib.rs:4971:5
[INFO] [stdout]      |
[INFO] [stdout] 4971 |     Uint16Array: u16,
[INFO] [stdout]      |     ^^^^^^^^^^^ use of undeclared type or module `Uint16Array`
[INFO] [stdout] 
[INFO] [stdout] 
[INFO] [stdout] error[E0433]: failed to resolve: use of undeclared type or module `Uint32Array`
[INFO] [stdout]     --> /opt/rustwide/cargo-home/registry/src/github.com-1ecc6299db9ec823/js-sys-0.3.35/src/lib.rs:4975:5
[INFO] [stdout]      |
[INFO] [stdout] 4975 |     Uint32Array: u32,
[INFO] [stdout]      |     ^^^^^^^^^^^ use of undeclared type or module `Uint32Array`
[INFO] [stdout] 
[INFO] [stdout] 
[INFO] [stdout] error[E0433]: failed to resolve: use of undeclared type or module `Float32Array`
[INFO] [stdout]     --> /opt/rustwide/cargo-home/registry/src/github.com-1ecc6299db9ec823/js-sys-0.3.35/src/lib.rs:4979:5
[INFO] [stdout]      |
[INFO] [stdout] 4979 |     Float32Array: f32,
[INFO] [stdout]      |     ^^^^^^^^^^^^ use of undeclared type or module `Float32Array`
[INFO] [stdout] 
[INFO] [stdout] 
[INFO] [stdout] error[E0433]: failed to resolve: use of undeclared type or module `Float64Array`
[INFO] [stdout]     --> /opt/rustwide/cargo-home/registry/src/github.com-1ecc6299db9ec823/js-sys-0.3.35/src/lib.rs:4983:5
[INFO] [stdout]      |
[INFO] [stdout] 4983 |     Float64Array: f64,
[INFO] [stdout]      |     ^^^^^^^^^^^^ use of undeclared type or module `Float64Array`
[INFO] [stdout] 
[INFO] [stdout] 
[INFO] [stdout] error[E0412]: cannot find type `Int32Array` in this scope
[INFO] [stdout]    --> /opt/rustwide/cargo-home/registry/src/github.com-1ecc6299db9ec823/js-sys-0.3.35/src/lib.rs:699:37
[INFO] [stdout]     |
[INFO] [stdout] 699 |         pub fn notify(typed_array: &Int32Array, index: u32) -> Result<u32, JsValue>;
[INFO] [stdout]     |                                     ^^^^^^^^^^ not found in this scope
[INFO] [stdout] 
[INFO] [stdout] 
[INFO] [stdout] error[E0412]: cannot find type `Int32Array` in this scope
[INFO] [stdout]    --> /opt/rustwide/cargo-home/registry/src/github.com-1ecc6299db9ec823/js-sys-0.3.35/src/lib.rs:704:27
[INFO] [stdout]     |
[INFO] [stdout] 704 |             typed_array: &Int32Array,
[INFO] [stdout]     |                           ^^^^^^^^^^ not found in this scope
[INFO] [stdout] 
[INFO] [stdout] 
[INFO] [stdout] error[E0412]: cannot find type `Int32Array` in this scope
[INFO] [stdout]    --> /opt/rustwide/cargo-home/registry/src/github.com-1ecc6299db9ec823/js-sys-0.3.35/src/lib.rs:743:35
[INFO] [stdout]     |
[INFO] [stdout] 743 |         pub fn wait(typed_array: &Int32Array, index: u32, value: i32) -> Result<JsString, JsValue>;
[INFO] [stdout]     |                                   ^^^^^^^^^^ not found in this scope
[INFO] [stdout] 
[INFO] [stdout] 
[INFO] [stdout] error[E0412]: cannot find type `Int32Array` in this scope
[INFO] [stdout]    --> /opt/rustwide/cargo-home/registry/src/github.com-1ecc6299db9ec823/js-sys-0.3.35/src/lib.rs:750:27
[INFO] [stdout]     |
[INFO] [stdout] 750 |             typed_array: &Int32Array,
[INFO] [stdout]     |                           ^^^^^^^^^^ not found in this scope
[INFO] [stdout] 
[INFO] [stdout] 
[INFO] [stdout] error[E0412]: cannot find type `Int8Array` in this scope
[INFO] [stdout]     --> /opt/rustwide/cargo-home/registry/src/github.com-1ecc6299db9ec823/js-sys-0.3.35/src/lib.rs:4951:5
[INFO] [stdout]      |
[INFO] [stdout] 4951 |     Int8Array: i8,
[INFO] [stdout]      |     ^^^^^^^^^ not found in this scope
[INFO] [stdout] 
[INFO] [stdout] 
[INFO] [stdout] error[E0412]: cannot find type `Int16Array` in this scope
[INFO] [stdout]     --> /opt/rustwide/cargo-home/registry/src/github.com-1ecc6299db9ec823/js-sys-0.3.35/src/lib.rs:4955:5
[INFO] [stdout]      |
[INFO] [stdout] 4955 |     Int16Array: i16,
[INFO] [stdout]      |     ^^^^^^^^^^ not found in this scope
[INFO] [stdout] 
[INFO] [stdout] 
[INFO] [stdout] error[E0412]: cannot find type `Int32Array` in this scope
[INFO] [stdout]     --> /opt/rustwide/cargo-home/registry/src/github.com-1ecc6299db9ec823/js-sys-0.3.35/src/lib.rs:4959:5
[INFO] [stdout]      |
[INFO] [stdout] 4959 |     Int32Array: i32,
[INFO] [stdout]      |     ^^^^^^^^^^ not found in this scope
[INFO] [stdout] 
[INFO] [stdout] 
[INFO] [stdout] error[E0412]: cannot find type `Uint8Array` in this scope
[INFO] [stdout]     --> /opt/rustwide/cargo-home/registry/src/github.com-1ecc6299db9ec823/js-sys-0.3.35/src/lib.rs:4963:5
[INFO] [stdout]      |
[INFO] [stdout] 4963 |     Uint8Array: u8,
[INFO] [stdout]      |     ^^^^^^^^^^ not found in this scope
[INFO] [stdout] 
[INFO] [stdout] 
[INFO] [stdout] error[E0412]: cannot find type `Uint8ClampedArray` in this scope
[INFO] [stdout]     --> /opt/rustwide/cargo-home/registry/src/github.com-1ecc6299db9ec823/js-sys-0.3.35/src/lib.rs:4967:5
[INFO] [stdout]      |
[INFO] [stdout] 4967 |     Uint8ClampedArray: u8,
[INFO] [stdout]      |     ^^^^^^^^^^^^^^^^^ not found in this scope
[INFO] [stdout] 
[INFO] [stdout] 
[INFO] [stdout] error[E0412]: cannot find type `Uint16Array` in this scope
[INFO] [stdout]     --> /opt/rustwide/cargo-home/registry/src/github.com-1ecc6299db9ec823/js-sys-0.3.35/src/lib.rs:4971:5
[INFO] [stdout]      |
[INFO] [stdout] 4971 |     Uint16Array: u16,
[INFO] [stdout]      |     ^^^^^^^^^^^ not found in this scope
[INFO] [stdout] 
[INFO] [stdout] 
[INFO] [stdout] error[E0412]: cannot find type `Uint32Array` in this scope
[INFO] [stdout]     --> /opt/rustwide/cargo-home/registry/src/github.com-1ecc6299db9ec823/js-sys-0.3.35/src/lib.rs:4975:5
[INFO] [stdout]      |
[INFO] [stdout] 4975 |     Uint32Array: u32,
[INFO] [stdout]      |     ^^^^^^^^^^^ not found in this scope
[INFO] [stdout] 
[INFO] [stdout] 
[INFO] [stdout] error[E0412]: cannot find type `Float32Array` in this scope
[INFO] [stdout]     --> /opt/rustwide/cargo-home/registry/src/github.com-1ecc6299db9ec823/js-sys-0.3.35/src/lib.rs:4979:5
[INFO] [stdout]      |
[INFO] [stdout] 4979 |     Float32Array: f32,
[INFO] [stdout]      |     ^^^^^^^^^^^^ not found in this scope
[INFO] [stdout] 
[INFO] [stdout] 
[INFO] [stdout] error[E0412]: cannot find type `Float64Array` in this scope
[INFO] [stdout]     --> /opt/rustwide/cargo-home/registry/src/github.com-1ecc6299db9ec823/js-sys-0.3.35/src/lib.rs:4983:5
[INFO] [stdout]      |
[INFO] [stdout] 4983 |     Float64Array: f64,
[INFO] [stdout]      |     ^^^^^^^^^^^^ not found in this scope
[INFO] [stdout] 
[INFO] [stdout] 
[INFO] [stdout] error: aborting due to 35 previous errors
[INFO] [stdout] 
[INFO] [stdout] 
[INFO] [stdout] Some errors have detailed explanations: E0412, E0433.
[INFO] [stdout] 
[INFO] [stdout] For more information about an error, try `rustc --explain E0412`.
[INFO] [stdout] 
[INFO] [stderr] error: could not compile `js-sys`.
[INFO] [stderr] 
[INFO] [stderr] To learn more, run the command again with --verbose.
[INFO] [stderr] warning: build failed, waiting for other jobs to finish...
[INFO] [stderr] error: build failed
[INFO] running `Command { std: "docker" "inspect" "c996891254db8fd39bbf96476f7af8fe31101060e46f112f1db3f473f59315a8", kill_on_drop: false }`
[INFO] running `Command { std: "docker" "rm" "-f" "c996891254db8fd39bbf96476f7af8fe31101060e46f112f1db3f473f59315a8", kill_on_drop: false }`
[INFO] [stdout] c996891254db8fd39bbf96476f7af8fe31101060e46f112f1db3f473f59315a8
